= -q**2 - 7*q - 4. Let m be f(-5). Is (34/m + -5)/(2/1689) prime?
True
Let b(c) be the first derivative of 39*c**4/2 + 2*c**3/3 + c**2 - 13*c - 133. Is b(2) a prime number?
False
Suppose 0 = 9*i - 6*i - 3*n - 174, -4*n = -i + 52. Suppose 9*b - i = 55713. Is b a prime number?
True
Let t(n) = 4551*n**3 - 6*n**2 + 60*n - 40. Is t(5) composite?
True
Let f(l) = -l**2 - 4*l + 14. Let a be f(-6). Suppose -a*g = 2*g - 2*p - 2454, 5*p - 3060 = -5*g. Is g a composite number?
False
Suppose -51350 = -5*p + 3*w, 0*p + 5*p = w + 51350. Suppose 6*z = 16*z - p. Is z prime?
False
Suppose -23938 = -10*k + 256032. Is k a composite number?
False
Let i be (-73)/4 - 4/(-16). Let z = -16 - i. Is z + (-4 - -217*1) prime?
False
Let l = -974 + 2304. Suppose 15584 = 6*w - l. Is w composite?
False
Suppose -3*u + 4*u - 70 = -2*x, 2*u + 5*x - 136 = 0. Is 491 + -1 + u/26 composite?
True
Let q = -26 - -29. Let h(x) = 37*x + 4 + 0 + 85*x + 9*x. Is h(q) a composite number?
False
Let d = 76 + -72. Suppose 6*s - 11*s - 15 = 0, -d*l + 5*s = -5779. Is l a prime number?
False
Is 1948/(-6)*92529/(-72) + (-4)/16 a composite number?
True
Suppose -2*z = -4*b + 891280, -34*b - 3*z = -30*b - 891310. Is b a prime number?
True
Suppose -5*t = -3*n - n - 160, 4*t - 121 = 3*n. Let r(d) = -31*d - 16. Is r(n) a composite number?
False
Let t(l) be the second derivative of 13*l**3/6 - 11*l**2 + 8*l. Suppose -20*b - 48 = -4*g - 24*b, 2*g + b - 20 = 0. Is t(g) prime?
False
Let i = -68 + 96. Is (-7)/i - (-13613)/4 a prime number?
False
Let y be 2 - (5 + 5)/(-5). Suppose 5454 = 2*m - 4*w, -y = -3*w + w. Is m composite?
False
Let u(g) = 9*g**2 - 32*g + 12. Let f(p) = 8*p**2 - 32*p + 12. Let j(w) = 6*f(w) - 5*u(w). Is j(-15) prime?
False
Suppose -1853 = 2*c + 273. Suppose -f = -3*w + 4656, 82*w - 87*w + 3*f = -7752. Let p = w + c. Is p prime?
True
Let j be (-386)/(-30) - (-10)/75. Suppose 80930 = j*b - 25475. Is b a composite number?
True
Suppose m = -d - 3*d + 1116, m + 2*d - 1114 = 0. Suppose -b = 4*q - 4589 + 156, q - m = b. Is q a composite number?
False
Suppose 9*q = -20*q - 2892547. Is q/(-5) - (-21)/((-1050)/(-20)) composite?
False
Is ((-10 - 1898285) + 1)*(0 - (-1)/(-2)) a prime number?
True
Let s = 45747 + -350. Is s a composite number?
True
Let n(m) = -m**2 - m - 2. Let b(l) = -46*l**2 - 37*l + 1. Let g(q) = -b(q) + 6*n(q). Is g(10) prime?
True
Let g = -1413377 + 3077088. Is g composite?
True
Let u(g) = 5*g**2 - 30*g + 5. Let a be u(6). Suppose -2499 = -y - v, a*v - 859 = 5*y - 13394. Is y a prime number?
True
Is ((-304734)/9)/((-10)/(-65) + 64/(-78)) a composite number?
False
Let w(j) be the second derivative of 3227/2*j**2 + 0 + 1/12*j**4 + 5*j + 1/6*j**3. Is w(0) composite?
True
Let z(p) = 2*p**3 - 5*p**2 - 13*p - 14. Let n be z(-10). Let v = n - -3436. Suppose -v = -3*t - t. Is t a prime number?
True
Let l(t) = -1222*t**3 + 6*t**2 - t + 2. Is l(-5) a composite number?
True
Suppose 3*z - 883782 = 2*l + 132723, 2*l = -4*z + 1355368. Is z a composite number?
False
Is (6/(-8))/(((-2322)/13099824)/43) prime?
False
Suppose 0 = 9*b - 11*b + 30. Suppose 3*z + 9 = 0, -b*y + 17*y - 5*z = 23477. Is y a composite number?
False
Suppose 3*l = -3*t - 30, 5*t + 34 = t + 2*l. Suppose -67*p = -72*p + 22580. Is -7*(-4)/126 - p/t a prime number?
False
Is -228*(-129 + -10) + -7 composite?
True
Let l = 6148766 + -3925095. Is l composite?
False
Is ((-21)/35)/((-6)/480170) a composite number?
False
Let m = -322 + 631. Let o(u) = 26*u + 186. Let n be o(16). Let z = n - m. Is z prime?
True
Let w be 146/(-12)*-2 + (-6)/(-9). Let c = -3 + w. Suppose -c*i + 332 = -18*i. Is i a composite number?
False
Suppose 9*f - 407019 + 1155716 = 26*f. Is f prime?
True
Let y be 145/7 + (-2)/(-7). Suppose 156*f = 165*f - 150039. Is (f/6)/(y/6 - 3) a composite number?
False
Suppose d - 3*u + 15 = 0, u = -2*d - 3*d + 5. Suppose -5*v + 5*k + 55 = d, -3*k - 21 = -2*v - 0*k. Suppose 9*w = v*w - 2031. Is w a composite number?
False
Suppose 3*l - g = 311846, 3*l + 53*g = 48*g + 311888. Is l composite?
False
Suppose u - 58*j - 206346 = -53*j, 2*j = -3*u + 619021. Is u composite?
False
Is (519/(-1730))/((-12)/1419640) a prime number?
True
Let y(h) = 30*h**2 + 2*h - 3. Suppose o - 3 = -3. Let u be 65/9 + ((-6)/27 - o). Is y(u) prime?
True
Let m = -124 + 126. Suppose -5*o = 4*n - 4*o - 220, -288 = -5*n + m*o. Let h = 909 - n. Is h prime?
True
Suppose -4*b = -v + 4481, -5*v - 3*b + 2762 + 19735 = 0. Suppose d = -d + 4*f + 3002, 0 = -3*d + 3*f + v. Is d a prime number?
False
Let m(z) = 2*z**3 + 25*z**2 - 16*z - 24. Let b be m(-13). Suppose 0 = 4*n - y - 17946, -19*y + 17956 = 4*n - b*y. Is n a composite number?
True
Let v = 136952 + -87787. Is v a prime number?
False
Let q be ((-18645)/(-66))/(2/4*1). Let g = 984 - q. Is g prime?
True
Let t = 127 - 31. Let o be 2/8 - 504/t. Is (-4)/(o + 4) + 7 prime?
True
Is -662*-141*(-21)/(-126) a composite number?
True
Let b be (17549 - -18)*(-1)/(-1). Suppose 7*r - 29886 = b. Is r a composite number?
False
Let x be (3/2)/((-7)/(-266)). Suppose 15 = 7*v + x. Is 4102/(-21)*v/4 prime?
True
Suppose -5*j = 2*z - 592257, 355363 = 163*j - 160*j - z. Is j composite?
False
Let n(x) = -x**2 + 778 - 778 - x - 4520*x**3. Let g be n(-1). Suppose -g = -6*r - 14. Is r prime?
True
Let u = 82 + 2616. Suppose 18*j = 76696 - u. Is j prime?
True
Let v(x) = -225*x**3 + 41*x**2 + 197*x + 3. Is v(-8) a prime number?
False
Suppose 0 = 30*q - 6*q - 475344. Suppose 2*y + j - 22943 - 16665 = 0, -j + q = y. Is y a composite number?
True
Let z(u) = 674*u - 33. Let g be -4 - -6 - 10/(-2). Is z(g) composite?
True
Suppose 5*u - 7195 = 2*j, -10*u - 4*j = -0*u - 14390. Is u composite?
False
Let s be -2 - 30/(1 + -6). Is (-4666)/(s - 2)*(-63 + 62) a prime number?
True
Let v = 1716 + -780. Suppose -3*b = -3, 0 = w - b + 4*b - v. Suppose 0 = 2*p - 881 - w. Is p composite?
False
Let p(c) = 39*c**3 - 23*c**2 + 44*c - 1. Is p(20) prime?
True
Let y(f) = -f**3 - f**2 + 451. Suppose 10*n = 15*n - 545. Let i = 109 - n. Is y(i) prime?
False
Suppose 9718 - 78649 = 37*c. Is (c/6)/(-9)*508/6 a composite number?
True
Let i(b) = -2*b**3 - 39*b**2 + 4*b + 11. Let g(t) = t**3 + 18*t**2 - 2*t - 6. Let m(z) = 7*g(z) + 3*i(z). Let l = 12 - 8. Is m(l) prime?
True
Let p(g) = g - 3. Let o be p(15). Suppose 8713 = o*i - 9923. Is i a composite number?
False
Let k = 212 - -3587. Is k composite?
True
Suppose 7*y - 4*y - 24141 = 0. Let m be -3 - (-4 - y - -4). Suppose m - 33872 = -4*d. Is d a prime number?
False
Let q(c) = -120895*c - 1028. Is q(-3) prime?
False
Suppose 0 = -i - i - 2*f + 28, -2*i - 4*f = -38. Suppose 0 = u - 10 - i. Suppose 15*r = u*r - 2668. Is r prime?
False
Let l = 12 - 7. Suppose 5*b = 2*s + 715, s + l*b + 765 = -s. Let z = 1491 + s. Is z a prime number?
False
Suppose 0 = 4*a - o + 254, a + 61 = -3*o + 2*o. Let u = 820 + -1303. Is u/a*(1 + 8) composite?
True
Suppose -66 + 6 = -10*m. Suppose -193 = m*o + 557. Is 19/57 + (o/(-3) - -1) prime?
True
Let a(m) = m + 1. Let l(s) be the third derivative of 163*s**4/24 - 4*s**3/3 - 23*s**2. Let w(n) = 3*a(n) + l(n). Is w(11) prime?
False
Suppose 5*f = -4*q + 736492, -43*q + 46*q - 552431 = 4*f. Is q a composite number?
False
Let v(x) = -x + 5. Let f be v(4). Let c be (25 - 25)*f/(-2). Suppose 0 = 4*k, 4*w + c*w + k = 7444. Is w a prime number?
True
Is (-499215)/(-13) - 54/351 prime?
False
Suppose -5*o + 330630 = -0*o - 3489365. Is o a composite number?
False
Let m(l) = -88234*l**3 - 4*l**2 - 8*l + 27. Is m(-3) a prime number?
False
Suppose -4*t - 7 = -11, -i - 5*t = -1043876. Is i a prime number?
False
Suppose -8182 = -d + 4*i - 309, 5*d + 5*i = 39290. Is d a composite number?
True
Let d be (4*1)/(70/18410). Let q be 4*(3 - 2)/1. Suppose -v + d = 3*u - 1465, -q*u = -4*v - 3356. Is u composite?
False
Let c = 2405133 - 1279880. Is c a prime number?
True
Let v(t) be the first derivative of 8*t**3/3 - 27*t**2/2 + 54*t - 103. Is v(19) a composite number?
True
Let l(f) = -10*f + 28. Let u be l(2). Suppose u*z - 12*z + 66935 = 3*v, 3*v + 16730 = z. Is z a composite number?
True
Let m(q) = -1803*q + 43. Suppose -5*k - 41 = -21. Is m(k) a prime number?
False
Suppose 0 = c + 3*j - 55954, 23*c + j + 55966 = 24*c. Is c prime?
False
Let v be 40*(-2 + 5/2). Suppose 4*c = -4*i + v, i + 3*i = 8. Suppose -2*f + 1062 = 